- 50*i - 3. Calculate j(i).
-24
Let q(x) = -x**2 - 2*x - 4. Suppose 3*j + 1 - 7 = 0. Suppose -4*p = -5*l + 230, -4*l = -j*p - 2*p - 184. Let y = -50 + l. Determine q(y).
-12
Let w(v) be the second derivative of v**3/2 + v**2/2 - v - 84. Suppose -3*m + 2 = -4. Determine w(m).
7
Let w(z) = -z**2 + 5*z - 3. Suppose -129 = -y - 129. Let k(r) = 5*r - 3. Let o(j) = 3*j - 2. Let h(n) = 6*k(n) - 11*o(n). Let x be h(y). What is w(x)?
1
Let h(t) = 4*t + 3 + 3 + t - t**2 - 2. Suppose -18*o + x = -22*o + 18, -o + 11 = -3*x. Determine h(o).
4
Let x(h) = 3*h**2 - 253*h + 334. Let p be x(83). Let j(t) be the first derivative of 1/2*t**p - 2*t + 3. Calculate j(6).
4
Let y(o) be the third derivative of o**6/720 + o**5/120 - o**4/12 + o**3/6 + 146*o**2. Let n(z) be the second derivative of y(z). Determine n(-2).
-1
Let j(k) = k**2 - 8*k + 9. Suppose -48*c = -44*c - 36. Let w be (15 - c/3)*2/6. Let s be j(w). Let a(h) = h**2 + 8*h + 3. What is a(s)?
-4
Let r(h) = h + 28. Let g(o) = -14*o - 420. Let p(u) = -6*g(u) - 91*r(u). Determine p(-4).
0
Let w(v) be the second derivative of -v**5/20 + v**4 + v**3/3 - 23*v**2/2 + 2*v. Suppose 0 = -635*t + 3732 + 3888. Determine w(t).
1
Let u(j) = -4*j**3 - 5*j**2 - 2*j + 15. Let y(p) = 5*p**3 + 9*p**2 + p - 15. Let h(z) = -4*u(z) - 3*y(z). Give h(7).
20
Suppose -6 = 5*d - 2*u, -4*u + 3 = -3*d + 5. Let i(v) = -3*v. Let x(j) = 3*j + 1. Let s = -23 + 25. Let y(f) = s*i(f) + 3*x(f). Determine y(d).
-3
Let z be (-2)/(-4) - 11/(-2). Let j(o) = 11 + 28 - 11*o - 18*o + 8*o - 29 + 18*o. Give j(z).
-8
Let b = 2434 - 2422. Let p(i) = i + 17. Determine p(b).
29
Let x(o) = 5*o**3 - 12*o**2 - 18*o + 1. Let k(l) = 2*l**3 - 3*l**2 - 8*l. Let i(g) = 3*k(g) - x(g). Determine i(-4).
7
Let y = 54 - 21. Let s be (y/11)/(6/4). Let h(t) = -128*t**2 + 0 + 130*t**2 + 5 - 3 - s*t. Give h(2).
6
Suppose 5*i - z = -124 + 204, 2*i + 4*z = 32. Let y(n) = n**3 - 16*n**2 + 3*n + 28. Give y(i).
76
Let s(o) = -o**2 - 8*o + 10. Let d be s(-9). Let m(r) = 44*r + 3 - d - 55*r. What is m(-2)?
24
Let l(a) be the first derivative of -a**3/3 - 9*a**2/2 - 4*a + 4388. Let c(q) = q**3 - 8*q**2 + 7*q - 1. Let p be c(7). Let k be 1/(((-2)/(-16))/p). Give l(k).
4
Let x be -1 + -8 + (-1494)/(-166). Let k(v) be the second derivative of -1/2*v**2 + 7/3*v**3 + x - 11*v. Calculate k(1).
13
Let f be -9 + (-18 + 32 - 5). Let m(k) be the third derivative of -k**4/12 - 7*k**3/6 + 3*k**2. Calculate m(f).
-7
Let x(n) = 2*n - 5. Let c be (0 - (-2)/(-5))/((-7)/105). Suppose -2*s + 8 = c*s. Suppose -2*r - 2*j + s + 23 = 0, 4*j - 30 = -2*r. What is x(r)?
13
Let i(f) be the first derivative of f**2/2 + 3*f + 24. Let m = 21 - 25. Let z be i(m). Let c(v) = -7*v**3 - v**2 + 1. What is c(z)?
7
Let j(n) = 37*n - 158. Let d(t) = -50*t + 237. Let c(v) = -5*d(v) - 7*j(v). What is c(-6)?
-25
Let x be 70/15 - (2 + 4/(-3)). Suppose -m = -b - x, 0 = -m - 2*b + 1 + 6. Let w(o) = 8*o**2 + 2*o + 1 + m*o**2 - 2 - 3*o. Determine w(-1).
13
Suppose 58*p - 438 + 844 = 0. Let y(w) be the second derivative of w**4/12 + w**3 - 15*w**2/2 - w. What is y(p)?
-8
Suppose 0 = 4*z - 0*l + 4*l + 24, -2*l = 5*z + 36. Let i = 13 + z. Let u(p) = 2*p - 526*p**2 - 1711*p**3 + 1 + 530*p**2 + 1710*p**3. Calculate u(i).
-14
Let w(b) be the second derivative of b**5/20 + 5*b**4/12 + 5*b**3/6 + b**2/2 + 2917*b. Let t = -7 - -3. What is w(t)?
-3
Let s(f) = -3*f - 37. Suppose 0 = -l + 4*g + 504, 0 = 2*l - 2*g + 104 - 1124. Suppose -34*t - l = -70. Give s(t).
2
Let d(h) = -h**2 + 8*h - 6. Let u be 113/7 + 5/(-35). Suppose 9*c = 2 + u. Let s be (5 + -2 - -1) + 4/c. What is d(s)?
6
Let b = 258 + -106. Suppose -45 = b*z - 143*z. Let p(o) = -o + 3. Determine p(z).
8
Let m(b) be the third derivative of b**6/120 - b**5/12 - 29*b**4/24 + 7*b**3/3 + 16*b**2 + 74*b + 1. What is m(9)?
77
Suppose -14 = 2*z - t - t, -31 = 5*z - 4*t. Let m(p) = -20*p - 2. Let v(w) = -33*w - 4. Let r(q) = 5*m(q) - 3*v(q). Determine r(z).
5
Let k = -61 + 73. Let i be k/(-24) - (-30)/(-4). Let g(u) = 5*u + 32. Let d be g(i). Let q(m) = -2*m - 10. Calculate q(d).
6
Let u be (23 + 3)/(-2) + (-210 - -229). Let k(m) = 3*m**2 + 2*m + 11. Let n(g) = -5*g**2 - 3*g - 17. Let w(f) = -8*k(f) - 5*n(f). What is w(u)?
27
Let a(w) be the first derivative of 5*w**4/4 - 4*w**3/3 - w**2/2 - 4*w - 102. Let o(q) = q**3 - q - 1. Let k(s) = a(s) - 6*o(s). Calculate k(-5).
2
Let r(i) = -97*i + 298*i - 98*i - 104*i + 14 - 1. Calculate r(21).
-8
Let y(i) = -15*i**2 + 8*i + 378. Let g(h) = -7*h**2 + 4*h + 174. Let a(l) = -13*g(l) + 6*y(l). Let z = 2 - 1. Let p = 3 + z. Calculate a(p).
6
Suppose 4*h + 364 = q + 4*q, -h + q - 92 = 0. Let m be 32/400 - h/50. Let l(r) = -r**2 - r + 3. What is l(m)?
-3
Let q(a) be the second derivative of 0*a**3 + 0 - 7/4*a**4 + 6*a - 1/2*a**2. Let r(o) = o**3 - o - 5. Let s be r(2). Give q(s).
-22
Suppose 3*n - 6*n = 3*n. Suppose n = 3*j - 15 - 9. Let o(d) = d**3 - 7*d**2 - 9*d + 10. Calculate o(j).
2
Let a = 29390 + -29403. Let d(p) = -5*p**2 - 69*p - 58. What is d(a)?
-6
Let l(m) be the second derivative of m**4/12 + 7*m**3/6 + 3*m**2/2 + 8*m. Let w(v) = 1 + 5*v**2 + 2*v + 0*v - v**3 - 4*v**2 - 3*v. Let k be w(2). Give l(k).
-7
Let d(k) = -2*k + 6. Suppose 20*z - 16 - 157 = -13. Determine d(z).
-10
Let l(x) = -16*x - 7. Suppose 8*r - 56 = -104. Calculate l(r).
89
Let q(b) = -3*b**2 + 2*b + 2. Let v be -1*(-1 + 7 + 24/(-6)). What is q(v)?
-14
Suppose 16*q - 92 = -30*q. Let y(a) = -3 + 30*a - 10 + 1 - q - 29*a. What is y(12)?
-2
Let r(m) = m + 5. Let k(g) = -35*g - 389. Let o = 775 - 786. Let w be k(o). Give r(w).
1
Let w(u) = -51 - u**3 - 22*u**2 - 40*u**2 + 21*u - 44*u**2 + 21*u**2 + 64*u**2. Determine w(-22).
-29
Let f = -4 + 2. Let x be 34/7 - f/14. Suppose -2*w - x + 11 = 0. Let q(g) = -g + 5. Calculate q(w).
2
Let r(z) = 3*z + 14. Let i = -566 + 571. Let v(u) = 6*u + 25. Let y(w) = i*r(w) - 2*v(w). What is y(-8)?
-4
Suppose v - p = 175, -2*p + 343 = 2*v + 3*p. Let l be (6 - v/(-30)) + 2/10. Let b(t) = t - 16. What is b(l)?
-4
Suppose 2*n = -2*l + 20, 0 = -2*n - 5*l + 20 + 15. Let q(c) = -9 - 5*c**2 + 5*c**2 + 15 - n*c + c**3 - 3*c**2. Calculate q(4).
2
Let b(w) = -w**3 - 25*w**2 - 64*w + 35. Let t be b(-22). Let l(r) = -r**3 - 9*r**2 + 3*r + 18. What is l(t)?
-9
Let c(m) = 3*m + 6. Let x(n) = n**3 - 2*n**2 - 7*n + 14. Let a be x(4). Let g be 22/99 + 122/a + -2. Calculate c(g).
21
Let y(q) be the second derivative of -7*q**5/5 - q**4/6 + q**2/2 - q. Suppose -35*d + 26 = 16*d - 25*d. What is y(d)?
-29
Let k(y) = 275*y - 17. Let z(t) = 206*t - 18. Let o(a) = -3*k(a) + 4*z(a). Calculate o(5).
-26
Let t(q) = 2*q**2 - 11*q - 3. Suppose 0 = 4*o - 93*m + 88*m + 27, 6 = -4*o - 2*m. Let f(n) = 2*n**2 - 11*n - 7. Let l(y) = o*f(y) + 4*t(y). Calculate l(6).
15
Let w(i) = -7*i**3 + 28*i**2 - 157*i + 88. Let b(l) = 20*l**3 - 84*l**2 + 450*l - 265. Let y(r) = 6*b(r) + 17*w(r). What is y(27)?
14
Let w = -4 - -9. Suppose 0 = 5*g + 5 - 15. Let z(f) = f - 9*f**3 + 3*f**3 + 2*f**3 + 5*f**3 + g - 5*f**2. Calculate z(w).
7
Let d(n) be the first derivative of -11*n**3/3 - 5*n**2/2 + n + 4557. What is d(-2)?
-33
Let s(x) = 18998 - 18998 - x. Calculate s(-26).
26
Let a be (-3 + 2)/((-7)/6 + (33 - 32)). Let t(v) = -26*v - 10. Let m(h) = -5*h - 2. Let w(o) = 16*m(o) - 3*t(o). Determine w(a).
-14
Let w(i) = -8*i**3 - i**2 + i - 1. Let q(x) = 15*x**3 - 8*x**2 - 24*x + 1. Let y(a) = q(a) + 2*w(a). Calculate y(-7).
6
Let x(l) be the first derivative of l**2/2 + l - 68464. Suppose 0 = 2*q - 4*a + 24, -3*q - 2*a = a. Give x(q).
-3
Let v(y) = y**2 + 43*y + 38. Let n be (-84)/((1066/273 + (-6)/(-63))/2). Determine v(n).
-4
Let p(h) = 7*h**3 - 27*h**2 - 20*h - 1. Let q(n) = 3*n**3 - 11*n**2 - 10*n - 1. Let u(c) = -2*p(c) + 5*q(c). Calculate u(4).
5
Let b(k) = 19*k - 18 + 28*k - 73*k + 23*k - 4. What is b(-9)?
5
Suppose 14*v - 9*v + z - 7 = 0, -3*v = 2*z. Suppose -4*f - u + 27 = -4, 0 = v*u + 10. Let b(l) = l**2 - 8*l - 9. What is b(f)?
0
Let f be (-5)/10 + (-13)/(-2). Let r(x) = -3*x - 2 + f*x + 29. Let o be r(-10). Let z(k) = k + 3. Give z(o).
0
Let w(m) be the third derivative of -11*m**4/24 + 79*m**3/2 - 55*m**2. Let d be w(21). Let z(b) = b**2 - 3*b - 9. Give z(d).
9
Let x(w) = w. Let f(b) = -b**2 - 2*b - 1. Let i(k) = -3*f(k) - 7*x(k). Let o be i(2). Let p(a) = -2 - 10 + 8*a**3